 - 4094. What is the highest common factor of p and y?
6
Let n(l) = 3*l - 15. Let f = -145 - -156. Let r be n(f). Suppose 3*h - 3*o - 176 = 43, 3*o + 75 = h. Calculate the highest common factor of h and r.
18
Let h = -264 - -586. What is the highest common divisor of 92 and h?
46
Let l = 204 + -155. What is the greatest common factor of 28 and l?
7
Suppose 4*w - 4*a = 260, w + 5*a + 261 = 5*w. Let h = w - 31. Calculate the highest common factor of 11 and h.
11
Let p be (-8)/(-4 - 27/(-6)). Let s be (5/4)/(1 - (-14)/p). Calculate the highest common divisor of s and 35.
5
Suppose 7*k - 9*k = -16. Let n be 5/2*(448/k)/7. Let q(d) = -d + 4. Let g be q(-6). Calculate the greatest common factor of n and g.
10
Let j(m) = -m**3 + 8*m**2 + 4*m - 14. Let z be j(9). Let b = z - -99. Calculate the highest common factor of b and 20.
20
Let d = 12 - 7. Let g be 12/5 - (-3)/d. Let m be (1 - -17)/(2/(-6) + 1). Calculate the highest common factor of m and g.
3
Let n(x) = x**3 - 4*x**2 + 2*x - 1. Let p be n(4). Suppose 3*o + 2*b = 131 - 64, -2*o = -5*b - 32. Calculate the highest common divisor of o and p.
7
Suppose z - n = 15, -3*n + 9 = 3*z - 6. Let b be 2*(5/z - 98/(-4)). What is the greatest common factor of 20 and b?
10
Suppose -5*s + 191 = -69. What is the greatest common divisor of s and 416?
52
Let w = 274 - 223. Calculate the greatest common divisor of w and 68.
17
Suppose 2*a - 68 = 2*u - 3*u, 3*u - 12 = 0. Calculate the greatest common factor of a and 512.
32
Suppose 11*j - 35 = 10*j. What is the greatest common divisor of 49 and j?
7
Let v = -519 - -523. What is the greatest common factor of 68 and v?
4
Suppose 5*s = t - 55 - 115, -197 = -t - 4*s. Let h = 232 + -104. Let u = h - 91. What is the greatest common divisor of u and t?
37
Let q(l) = -l - 3. Let j be q(-5). Suppose -5*o + j*o = -324. Calculate the highest common divisor of o and 12.
12
Suppose -4*p - 3*l = -45, 4*l - 34 = -4*p + 6. Let o = 7 + -12. Let y(z) = -14*z + 5. Let u be y(o). Calculate the greatest common divisor of p and u.
15
Let x(b) = b**3 + 12*b**2 - 8*b - 23. Let s be x(-11). Calculate the highest common factor of 403 and s.
31
Suppose -2*x - 2*w = -9 + 79, 4*x = -5*w - 145. Let n be 4/(-4 - x/7). What is the greatest common factor of 2 and n?
2
Let x be 12/(-9)*(-45)/10. Let i be (x/(-9))/(12/(-18)). Let q(m) = -m**3 - 5*m**2 - m. Let a be q(-5). Calculate the highest common factor of i and a.
1
Let i = 32 - 32. Suppose i = 2*w - 217 + 85. Let y = 15 + -9. Calculate the greatest common factor of w and y.
6
Let j be 56/((-6)/(-6)) - 8. Calculate the highest common factor of j and 1680.
48
Suppose 6*g = 1408 + 1022. Calculate the greatest common factor of g and 90.
45
Let q(u) = 32*u - 697. Let r be q(29). What is the greatest common factor of 9 and r?
3
Let a be 28/182 - 408/(-52). Calculate the greatest common divisor of a and 292.
4
Let l = -24 - -29. Suppose -2*n = 5*v - 25 - 36, -4*v = l*n - 110. Let m be (-2)/7 - 46/(-14). Calculate the greatest common divisor of m and n.
3
Let o(a) = a + 12. Suppose -4 = 2*x, 5*t - 3 - 5 = 4*x. Let d be o(t). What is the highest common divisor of 96 and d?
12
Let u(a) = -247*a - 91. Let j be u(-1). Calculate the greatest common divisor of j and 36.
12
Suppose 4*m - 31 = -3*y, 4*m - 13 = -y + 2*m. Let u(w) = 12*w - 3. Let g be u(4). Calculate the greatest common divisor of y and g.
5
Let m = -2 + 4. Suppose 6*v + 4 = 2*v. Let s be (v*m)/((-6)/540). Calculate the highest common divisor of 20 and s.
20
Let f be 5*10/(80/56). Calculate the greatest common divisor of f and 2.
1
Let x(f) = f**3 + 10*f - 21. Let y be x(6). Calculate the highest common divisor of y and 45.
15
Suppose 4 - 64 = -6*t. Suppose -t*s + 16 = -2*s. Calculate the greatest common factor of 18 and s.
2
Suppose -3*o - 25 = -8*o. Suppose -r + 72 = 2*r + g, 0 = -o*g. What is the greatest common factor of 168 and r?
24
Let b(w) = 243*w - 1. Let y be b(1). Suppose -5*t + 3*t = -5*n - 34, 5*t + 4*n - 118 = 0. Calculate the greatest common divisor of t and y.
22
Suppose -3*b - 2 = -5*s + 14, s - 5*b = -10. Let j be (s/10 + 1)*22. Calculate the highest common factor of j and 22.
11
Suppose 0 = v - 6*v - 5*d + 710, -558 = -4*v + d. Let q = -56 + v. What is the highest common factor of 12 and q?
12
Let u = -93 - -149. Calculate the highest common factor of u and 42.
14
Let c = -13 + 29. Let h be (3 - 27)/((-3)/c). Calculate the greatest common divisor of h and 16.
16
Let b be ((-6)/8)/((-2)/24). Suppose 0 = -5*a + 3*k + 108, 0 = 3*a - 0*k + 4*k - 88. Let o = a - -3. Calculate the highest common divisor of o and b.
9
Let l(z) = z**3 + 16*z**2 - 18*z + 11. Let w be l(-17). What is the highest common divisor of w and 518?
14
Let q = -18 + 2. Let p be (q/6)/((-6)/(-9)). Let s be (-2 - -12)/((-1)/p). What is the greatest common divisor of 100 and s?
20
Suppose -3*n = -3*y - 2*n + 31, n + 49 = 5*y. Let f(w) = 4*w - 23. Let k be f(y). What is the greatest common factor of 91 and k?
13
Suppose -4*w + 4*u - u = -834, -5*u = -10. What is the highest common factor of w and 45?
15
Let l be ((-504)/20)/((-3)/10). Suppose 3*t = 4*q + t - l, -2*q - t + 38 = 0. Suppose c + 4*c - 250 = 0. Calculate the greatest common divisor of q and c.
10
Let j be (-357)/(-9) - 10/6. Calculate the highest common factor of 551 and j.
19
Let t(n) = -20*n + 1. Let s be t(-1). Let z be ((0 - 0)*(-1)/(-2))/(-1). Suppose z = -5*b + b + 84. Calculate the highest common divisor of s and b.
21
Let q(v) = -v**2 + 14*v - 22. Let y be q(4). Calculate the greatest common divisor of 141 and y.
3
Let r be -10*((-54)/24)/((-6)/(-4)). Let w(h) = -h**3 - 5*h**2 + 7*h + 9. Let g be w(-6). What is the greatest common divisor of g and r?
3
Let y(x) = -97*x**3 + x**2 + 7*x + 7. Let k be y(-1). What is the highest common factor of 28 and k?
14
Suppose -5*z + 2*z - 4*o + 24 = 0, -z - 3*o = -8. Let n be (-1 + 76/z)*2. Let v = 78 + -27. What is the highest common factor of n and v?
17
Let g = 126 - -369. What is the highest common divisor of 15 and g?
15
Suppose 88 = -13*a + 127. Calculate the greatest common factor of a and 57.
3
Let d = 1368 - 1353. Let f = 5 + -7. Let y be 20*(f - (-10)/4). What is the highest common factor of d and y?
5
Suppose -10*j + 15*j - 595 = 0. Suppose -j = -2*w + 221. Calculate the highest common factor of 34 and w.
34
Let t(j) = 42*j**2 - 6*j + 4. Let a be t(2). What is the greatest common factor of 10 and a?
10
Suppose -u = 2*u - 300. Suppose -9810 = 10*z - 530. Let l be (28/(-2) + -1)*z/348. Calculate the highest common divisor of l and u.
20
Suppose -2*b - 4 = 2*b. Let g = 6 + b. Suppose 3*z + g = 4*z. What is the highest common factor of z and 10?
5
Suppose 5*a - 3*a - 10 = 3*r, -16 = 4*a + 3*r. Let g(w) = -21*w**3. Let p be g(a). What is the greatest common factor of p and 3?
3
Let n = 60 + -60. Suppose 22*v - 16*v - 1044 = n. What is the highest common divisor of 29 and v?
29
Let o(v) = 87*v - 260. Let l be o(4). Calculate the greatest common divisor of 484 and l.
44
Suppose -4*w + 36 = 4*q, -32*q = -28*q + 2*w - 26. Let a = -2 + 3. Let h be 1 + a*26 - -1. Calculate the greatest common factor of q and h.
4
Let b(v) = -2*v - 9. Let s be b(-6). Let k be -2 + s + (-7)/(-7). Suppose -k*y + 48 - 4 = 0. Calculate the greatest common divisor of y and 66.
22
Suppose -2*m - m = -9. Suppose 5*z + 73 = m*f, 6*z - 95 = -5*f + z. Calculate the highest common divisor of 14 and f.
7
Let r be (4 - 34)*4*8/(-10). What is the greatest common divisor of r and 300?
12
Let t be (-18*(-1)/5)/(44/660). What is the highest common divisor of t and 216?
54
Suppose 3*s - 4*s + 552 = -4*z, -1736 = -3*s - 4*z. What is the greatest common divisor of 88 and s?
44
Suppose -3*u + 29 = 2*g, -3*g = -4*g - 2. Let j = 51 - u. Calculate the greatest common factor of 8 and j.
8
Suppose 4*r - 193 = w, 5*r + 4*w - 238 = 2*w. Suppose -r = 7*p - 90. Let t be (16/(-2))/((-4)/6). Calculate the greatest common factor of p and t.
6
Suppose -5*o = 16 - 96. Let d be (28/o)/((-3)/252). Let j = d + 245. Calculate the highest common divisor of 14 and j.
14
Let i be (8 - 6)*3 + -11 + 27. Let g be (2/4)/(2/28). Let u(k) = 2*k**2 + 3*k - 9. Let z be u(g). Calculate the highest common factor of i and z.
22
Suppose 4*n + 2 = 18. Suppose 16 = n*x, v - 3*